{"id":7183,"date":"2023-12-18T09:31:44","date_gmt":"2023-12-18T09:31:44","guid":{"rendered":"https:\/\/bridge510.qodeinteractive.com\/?page_id=7183"},"modified":"2025-04-08T22:02:56","modified_gmt":"2025-04-08T22:02:56","slug":"our-services","status":"publish","type":"page","link":"https:\/\/prodex.com.ec\/inicio\/?page_id=7183","title":{"rendered":"Nuestros servicios"},"content":{"rendered":"\t\t<div data-elementor-type=\"wp-page\" data-elementor-id=\"7183\" class=\"elementor elementor-7183\" data-elementor-post-type=\"page\">\n\t\t\t\t<div class=\"elementor-element elementor-element-d722861 e-con-full qode_elementor_container_inner e-flex parallax_section_no e-con e-parent\" data-id=\"d722861\" data-element_type=\"container\">\n\t\t<div class=\"elementor-element elementor-element-e17098a e-con-full e-flex parallax_section_no qode_elementor_container_no e-con e-child\" data-id=\"e17098a\" data-element_type=\"container\">\n\t\t\t\t<div class=\"elementor-element elementor-element-c8356e3 elementor-widget elementor-widget-text-editor\" data-id=\"c8356e3\" data-element_type=\"widget\" data-widget_type=\"text-editor.default\">\n\t\t\t\t<div class=\"elementor-widget-container\">\n\t\t\t\t\t\t\t\t\t<h6 class=\"mkdf-st-title\">Soluciones personalizadas, eficientes y confiables<\/h6>\t\t\t\t\t\t\t\t<\/div>\n\t\t\t\t<\/div>\n\t\t\t\t<div class=\"elementor-element elementor-element-09ef24f elementor-widget elementor-widget-heading\" data-id=\"09ef24f\" data-element_type=\"widget\" data-widget_type=\"heading.default\">\n\t\t\t\t<div class=\"elementor-widget-container\">\n\t\t\t\t\t<h2 class=\"elementor-heading-title elementor-size-default\">Servicios<\/h2>\t\t\t\t<\/div>\n\t\t\t\t<\/div>\n\t\t\t\t<\/div>\n\t\t<div class=\"elementor-element elementor-element-04cd1a5 e-con-full e-flex parallax_section_no qode_elementor_container_no e-con e-child\" data-id=\"04cd1a5\" data-element_type=\"container\">\n\t\t\t\t<div class=\"elementor-element elementor-element-db472a9 elementor-widget elementor-widget-image\" data-id=\"db472a9\" data-element_type=\"widget\" data-widget_type=\"image.default\">\n\t\t\t\t<div class=\"elementor-widget-container\">\n\t\t\t\t\t\t\t\t\t\t\t\t\t\t\t<img decoding=\"async\" width=\"64\" height=\"64\" src=\"https:\/\/prodex.com.ec\/inicio\/wp-content\/uploads\/2019\/02\/h5-icon-img-01.png\" class=\"attachment-full size-full wp-image-5377\" alt=\"a\" \/>\t\t\t\t\t\t\t\t\t\t\t\t\t\t\t<\/div>\n\t\t\t\t<\/div>\n\t\t\t\t<div class=\"elementor-element elementor-element-15031f1 elementor-widget elementor-widget-text-editor\" data-id=\"15031f1\" data-element_type=\"widget\" data-widget_type=\"text-editor.default\">\n\t\t\t\t<div class=\"elementor-widget-container\">\n\t\t\t\t\t\t\t\t\t<h6 class=\"mkdf-st-title\" style=\"font-size: 12px; font-weight: 500;\">PRODUCCI\u00d3N DE CALIDAD<\/h6>\t\t\t\t\t\t\t\t<\/div>\n\t\t\t\t<\/div>\n\t\t\t\t<div class=\"elementor-element elementor-element-aa9f8c9 elementor-widget elementor-widget-text-editor\" data-id=\"aa9f8c9\" data-element_type=\"widget\" data-widget_type=\"text-editor.default\">\n\t\t\t\t<div class=\"elementor-widget-container\">\n\t\t\t\t\t\t\t\t\t<h4 class=\"mkdf-st-title\"><span class=\"mkdf-iwt-title-text\">Infraestructura \u00f3ptima<\/span><\/h4>\t\t\t\t\t\t\t\t<\/div>\n\t\t\t\t<\/div>\n\t\t\t\t<div class=\"elementor-element elementor-element-12fa464 elementor-widget__width-initial elementor-widget elementor-widget-text-editor\" data-id=\"12fa464\" data-element_type=\"widget\" data-widget_type=\"text-editor.default\">\n\t\t\t\t<div class=\"elementor-widget-container\">\n\t\t\t\t\t\t\t\t\t<p style=\"text-align: justify;\">Contamos con instalaciones adecuadas para cumplir con todas las normas de calidad.<\/p>\t\t\t\t\t\t\t\t<\/div>\n\t\t\t\t<\/div>\n\t\t\t\t<\/div>\n\t\t<div class=\"elementor-element elementor-element-d02397c e-con-full e-flex parallax_section_no qode_elementor_container_no e-con e-child\" data-id=\"d02397c\" data-element_type=\"container\">\n\t\t\t\t<div class=\"elementor-element elementor-element-5738f2d elementor-widget elementor-widget-image\" data-id=\"5738f2d\" data-element_type=\"widget\" data-widget_type=\"image.default\">\n\t\t\t\t<div class=\"elementor-widget-container\">\n\t\t\t\t\t\t\t\t\t\t\t\t\t\t\t<img decoding=\"async\" width=\"67\" height=\"64\" src=\"https:\/\/prodex.com.ec\/inicio\/wp-content\/uploads\/2019\/02\/h5-icon-img-02.png\" class=\"attachment-full size-full wp-image-5378\" alt=\"a\" \/>\t\t\t\t\t\t\t\t\t\t\t\t\t\t\t<\/div>\n\t\t\t\t<\/div>\n\t\t\t\t<div class=\"elementor-element elementor-element-0beefb0 elementor-widget elementor-widget-text-editor\" data-id=\"0beefb0\" data-element_type=\"widget\" data-widget_type=\"text-editor.default\">\n\t\t\t\t<div class=\"elementor-widget-container\">\n\t\t\t\t\t\t\t\t\t<h6 class=\"mkdf-st-title\" style=\"font-size: 12px; font-weight: 500;\">CALIDAD EN EL PRODUCTO<\/h6>\t\t\t\t\t\t\t\t<\/div>\n\t\t\t\t<\/div>\n\t\t\t\t<div class=\"elementor-element elementor-element-bee83f6 elementor-widget elementor-widget-text-editor\" data-id=\"bee83f6\" data-element_type=\"widget\" data-widget_type=\"text-editor.default\">\n\t\t\t\t<div class=\"elementor-widget-container\">\n\t\t\t\t\t\t\t\t\t<h4 class=\"mkdf-st-title\"><span class=\"mkdf-iwt-title-text\">Precisi\u00f3n en cada proyecto<\/span><\/h4>\t\t\t\t\t\t\t\t<\/div>\n\t\t\t\t<\/div>\n\t\t\t\t<div class=\"elementor-element elementor-element-0f60944 elementor-widget__width-initial elementor-widget elementor-widget-text-editor\" data-id=\"0f60944\" data-element_type=\"widget\" data-widget_type=\"text-editor.default\">\n\t\t\t\t<div class=\"elementor-widget-container\">\n\t\t\t\t\t\t\t\t\t<p style=\"text-align: justify;\">Empacamos el producto siguiendo las especificaciones t\u00e9cnicas proporcionadas por el cliente.<\/p>\t\t\t\t\t\t\t\t<\/div>\n\t\t\t\t<\/div>\n\t\t\t\t<\/div>\n\t\t\t\t<\/div>\n\t\t<div class=\"elementor-element elementor-element-6ff2a6d e-con-full qode_elementor_container_inner e-flex parallax_section_no e-con e-parent\" data-id=\"6ff2a6d\" data-element_type=\"container\">\n\t\t<div class=\"elementor-element elementor-element-7bf1f45 e-con-full e-flex parallax_section_no qode_elementor_container_no e-con e-child\" data-id=\"7bf1f45\" data-element_type=\"container\">\n\t\t\t\t<div class=\"elementor-element elementor-element-d197aec elementor-widget elementor-widget-image\" data-id=\"d197aec\" data-element_type=\"widget\" data-widget_type=\"image.default\">\n\t\t\t\t<div class=\"elementor-widget-container\">\n\t\t\t\t\t\t\t\t\t\t\t\t\t\t\t<img decoding=\"async\" width=\"62\" height=\"64\" src=\"https:\/\/prodex.com.ec\/inicio\/wp-content\/uploads\/2019\/02\/h5-icon-img-03.png\" class=\"attachment-full size-full wp-image-5379\" alt=\"a\" \/>\t\t\t\t\t\t\t\t\t\t\t\t\t\t\t<\/div>\n\t\t\t\t<\/div>\n\t\t\t\t<div class=\"elementor-element elementor-element-5213508 elementor-widget elementor-widget-text-editor\" data-id=\"5213508\" data-element_type=\"widget\" data-widget_type=\"text-editor.default\">\n\t\t\t\t<div class=\"elementor-widget-container\">\n\t\t\t\t\t\t\t\t\t<h6 class=\"mkdf-st-title\" style=\"font-size: 12px; font-weight: 500;\">TRANSPORTE GARANTIZADO<\/h6>\t\t\t\t\t\t\t\t<\/div>\n\t\t\t\t<\/div>\n\t\t\t\t<div class=\"elementor-element elementor-element-77cc33c elementor-widget elementor-widget-text-editor\" data-id=\"77cc33c\" data-element_type=\"widget\" data-widget_type=\"text-editor.default\">\n\t\t\t\t<div class=\"elementor-widget-container\">\n\t\t\t\t\t\t\t\t\t<h4 class=\"mkdf-st-title\"><strong>Log\u00edstica integral y certificada<\/strong><\/h4>\t\t\t\t\t\t\t\t<\/div>\n\t\t\t\t<\/div>\n\t\t\t\t<div class=\"elementor-element elementor-element-de23c8b elementor-widget__width-initial elementor-widget elementor-widget-text-editor\" data-id=\"de23c8b\" data-element_type=\"widget\" data-widget_type=\"text-editor.default\">\n\t\t\t\t<div class=\"elementor-widget-container\">\n\t\t\t\t\t\t\t\t\t<p style=\"text-align: justify;\">Ofrecemos un servicio de transporte interno y mar\u00edtimo altamente eficiente, con la capacidad de exportar a trav\u00e9s de cualquier l\u00ednea naviera indicada por nuestros clientes.\u00a0<span style=\"text-align: var(--text-align);\">Cumplimos estrictamente con los est\u00e1ndares de calidad y las certificaciones exigidas por la Comunidad Europea y la FDA, asegurando confianza y excelencia en cada env\u00edo.<\/span><\/p>\t\t\t\t\t\t\t\t<\/div>\n\t\t\t\t<\/div>\n\t\t\t\t<\/div>\n\t\t<div class=\"elementor-element elementor-element-46063ad e-con-full e-flex parallax_section_no qode_elementor_container_no e-con e-child\" data-id=\"46063ad\" data-element_type=\"container\">\n\t\t\t\t<div class=\"elementor-element elementor-element-3728e41 elementor-widget elementor-widget-image\" data-id=\"3728e41\" data-element_type=\"widget\" data-widget_type=\"image.default\">\n\t\t\t\t<div class=\"elementor-widget-container\">\n\t\t\t\t\t\t\t\t\t\t\t\t\t\t\t<img loading=\"lazy\" decoding=\"async\" width=\"66\" height=\"64\" src=\"https:\/\/prodex.com.ec\/inicio\/wp-content\/uploads\/2019\/02\/h5-icon-img-04.png\" class=\"attachment-full size-full wp-image-5380\" alt=\"a\" \/>\t\t\t\t\t\t\t\t\t\t\t\t\t\t\t<\/div>\n\t\t\t\t<\/div>\n\t\t\t\t<div class=\"elementor-element elementor-element-4a1fd07 elementor-widget elementor-widget-text-editor\" data-id=\"4a1fd07\" data-element_type=\"widget\" data-widget_type=\"text-editor.default\">\n\t\t\t\t<div class=\"elementor-widget-container\">\n\t\t\t\t\t\t\t\t\t<h6 class=\"mkdf-st-title\" style=\"font-size: 12px; font-weight: 500;\">PROTECCI\u00d3N GARANTIZADA<\/h6>\t\t\t\t\t\t\t\t<\/div>\n\t\t\t\t<\/div>\n\t\t\t\t<div class=\"elementor-element elementor-element-05a46cf elementor-widget elementor-widget-text-editor\" data-id=\"05a46cf\" data-element_type=\"widget\" data-widget_type=\"text-editor.default\">\n\t\t\t\t<div class=\"elementor-widget-container\">\n\t\t\t\t\t\t\t\t\t<h4 class=\"mkdf-st-title\">Cajas a medidas<\/h4>\t\t\t\t\t\t\t\t<\/div>\n\t\t\t\t<\/div>\n\t\t\t\t<div class=\"elementor-element elementor-element-4a18900 elementor-widget__width-initial elementor-widget elementor-widget-text-editor\" data-id=\"4a18900\" data-element_type=\"widget\" data-widget_type=\"text-editor.default\">\n\t\t\t\t<div class=\"elementor-widget-container\">\n\t\t\t\t\t\t\t\t\t<p style=\"text-align: justify;\">Nuestras cajas est\u00e1n dise\u00f1adas para garantizar la m\u00e1xima protecci\u00f3n del producto durante su transporte y almacenamiento<\/p>\t\t\t\t\t\t\t\t<\/div>\n\t\t\t\t<\/div>\n\t\t\t\t<\/div>\n\t\t<div class=\"elementor-element elementor-element-a56729d e-con-full e-flex parallax_section_no qode_elementor_container_no e-con e-child\" data-id=\"a56729d\" data-element_type=\"container\">\n\t\t\t\t<div class=\"elementor-element elementor-element-862dc0d elementor-widget elementor-widget-image\" data-id=\"862dc0d\" data-element_type=\"widget\" data-widget_type=\"image.default\">\n\t\t\t\t<div class=\"elementor-widget-container\">\n\t\t\t\t\t\t\t\t\t\t\t\t\t\t\t<img loading=\"lazy\" decoding=\"async\" width=\"71\" height=\"64\" src=\"https:\/\/prodex.com.ec\/inicio\/wp-content\/uploads\/2019\/02\/h5-icon-img-05.png\" class=\"attachment-full size-full wp-image-5381\" alt=\"a\" \/>\t\t\t\t\t\t\t\t\t\t\t\t\t\t\t<\/div>\n\t\t\t\t<\/div>\n\t\t\t\t<div class=\"elementor-element elementor-element-2fe01c1 elementor-widget elementor-widget-text-editor\" data-id=\"2fe01c1\" data-element_type=\"widget\" data-widget_type=\"text-editor.default\">\n\t\t\t\t<div class=\"elementor-widget-container\">\n\t\t\t\t\t\t\t\t\t<h6 class=\"mkdf-st-title\" style=\"font-size: 12px; font-weight: 500;\">EXPLORE THE FEATURES<\/h6>\t\t\t\t\t\t\t\t<\/div>\n\t\t\t\t<\/div>\n\t\t\t\t<div class=\"elementor-element elementor-element-a2ab281 elementor-widget elementor-widget-text-editor\" data-id=\"a2ab281\" data-element_type=\"widget\" data-widget_type=\"text-editor.default\">\n\t\t\t\t<div class=\"elementor-widget-container\">\n\t\t\t\t\t\t\t\t\t<h4 class=\"mkdf-st-title\">Llenado de contenedor<\/h4>\t\t\t\t\t\t\t\t<\/div>\n\t\t\t\t<\/div>\n\t\t\t\t<div class=\"elementor-element elementor-element-495ab38 elementor-widget__width-initial elementor-widget elementor-widget-text-editor\" data-id=\"495ab38\" data-element_type=\"widget\" data-widget_type=\"text-editor.default\">\n\t\t\t\t<div class=\"elementor-widget-container\">\n\t\t\t\t\t\t\t\t\t<p style=\"text-align: justify;\"><u>Llenado del Contenedor<\/u><\/p><p>Un Contenedor Reef. HC 40\u201d<\/p><p>Empaque x Master: 10 x 4 Lbs. Netas<\/p><p>Capacidad:\u00a0 1.000 Masters x 40 Lbs. Netas<\/p><p>Total Peso Neto: 40.000 Lbs.<\/p><p>No Pallets \u2013 Carga Al Piso<\/p>\t\t\t\t\t\t\t\t<\/div>\n\t\t\t\t<\/div>\n\t\t\t\t<\/div>\n\t\t\t\t<\/div>\n\t\t<div class=\"elementor-element elementor-element-f7d3c7e e-con-full e-flex parallax_section_no qode_elementor_container_no e-con e-parent\" data-id=\"f7d3c7e\" data-element_type=\"container\" data-settings=\"{&quot;background_background&quot;:&quot;classic&quot;}\">\n\t\t<div class=\"elementor-element elementor-element-4de7813 e-con-full qode_elementor_container_inner e-flex parallax_section_no e-con e-child\" data-id=\"4de7813\" data-element_type=\"container\">\n\t\t<div class=\"elementor-element elementor-element-1ad41f4 e-flex e-con-boxed parallax_section_no qode_elementor_container_no e-con e-child\" data-id=\"1ad41f4\" data-element_type=\"container\">\n\t\t\t\t\t<div class=\"e-con-inner\">\n\t\t\t\t\t<\/div>\n\t\t\t\t<\/div>\n\t\t<div class=\"elementor-element elementor-element-95fc7d8 e-flex e-con-boxed parallax_section_no qode_elementor_container_no e-con e-child\" data-id=\"95fc7d8\" data-element_type=\"container\" data-settings=\"{&quot;background_background&quot;:&quot;classic&quot;}\">\n\t\t\t\t\t<div class=\"e-con-inner\">\n\t\t\t\t<div class=\"elementor-element elementor-element-35cf3b7 elementor-widget elementor-widget-text-editor\" data-id=\"35cf3b7\" data-element_type=\"widget\" data-widget_type=\"text-editor.default\">\n\t\t\t\t<div class=\"elementor-widget-container\">\n\t\t\t\t\t\t\t\t\t<h6 class=\"mkdf-st-title\"><span style=\"color: #ffffff;\">PROTECCI\u00d3N GARANTIZADA<\/span><\/h6>\t\t\t\t\t\t\t\t<\/div>\n\t\t\t\t<\/div>\n\t\t\t\t<div class=\"elementor-element elementor-element-c13e1ec elementor-widget elementor-widget-text-editor\" data-id=\"c13e1ec\" data-element_type=\"widget\" data-widget_type=\"text-editor.default\">\n\t\t\t\t<div class=\"elementor-widget-container\">\n\t\t\t\t\t\t\t\t\t<h2 class=\"mkdf-st-title\"><span style=\"color: #ffffff;\">Cajas a medida<\/span><\/h2>\t\t\t\t\t\t\t\t<\/div>\n\t\t\t\t<\/div>\n\t\t\t\t<div class=\"elementor-element elementor-element-12e7f5c elementor-widget__width-initial elementor-widget elementor-widget-heading\" data-id=\"12e7f5c\" data-element_type=\"widget\" data-widget_type=\"heading.default\">\n\t\t\t\t<div class=\"elementor-widget-container\">\n\t\t\t\t\t<p class=\"elementor-heading-title elementor-size-default\">Fabricadas con materiales de alta calidad, cumplen con los est\u00e1ndares internacionales de empaque y exportaci\u00f3n.<br><br>\nOfrecemos diferentes tama\u00f1os y capacidades seg\u00fan las necesidades de nuestros clientes, adapt\u00e1ndonos a las especificaciones t\u00e9cnicas requeridas.<\/p>\t\t\t\t<\/div>\n\t\t\t\t<\/div>\n\t\t\t\t\t<\/div>\n\t\t\t\t<\/div>\n\t\t\t\t<\/div>\n\t\t\t\t<\/div>\n\t\t<div class=\"elementor-element elementor-element-d6a2c53 e-con-full qode_elementor_container_inner e-flex parallax_section_no e-con e-parent\" data-id=\"d6a2c53\" data-element_type=\"container\">\n\t\t<div class=\"elementor-element elementor-element-de91d67 e-con-full e-flex parallax_section_no qode_elementor_container_no e-con e-child\" data-id=\"de91d67\" data-element_type=\"container\">\n\t\t<div class=\"elementor-element elementor-element-0036681 e-con-full e-flex parallax_section_no qode_elementor_container_no e-con e-child\" data-id=\"0036681\" data-element_type=\"container\">\n\t\t\t\t<div class=\"elementor-element elementor-element-7335dd5 elementor-widget-mobile__width-auto elementor-widget elementor-widget-bridge_pie_chart\" data-id=\"7335dd5\" data-element_type=\"widget\" data-widget_type=\"bridge_pie_chart.default\">\n\t\t\t\t<div class=\"elementor-widget-container\">\n\t\t\t\t\t<div class=\"q_pie_chart_holder\"><div class=\"q_percentage\" data-percent=\"100\" data-linewidth=\"4\" data-active=\"#FF5E14\" data-noactive=\"#F2F3F5\" style=\"color:#001659;font-size:60px;font-weight:600;\"><span class=\"tocounter\">100<\/span>%<\/div><div class=\"pie_chart_text\"><\/div><\/div>\t\t\t\t<\/div>\n\t\t\t\t<\/div>\n\t\t\t\t<\/div>\n\t\t<div class=\"elementor-element elementor-element-829831e e-con-full e-flex parallax_section_no qode_elementor_container_no e-con e-child\" data-id=\"829831e\" data-element_type=\"container\">\n\t\t\t\t<div class=\"elementor-element elementor-element-aa8d70b elementor-widget elementor-widget-text-editor\" data-id=\"aa8d70b\" data-element_type=\"widget\" data-widget_type=\"text-editor.default\">\n\t\t\t\t<div class=\"elementor-widget-container\">\n\t\t\t\t\t\t\t\t\t<h6 class=\"mkdf-st-title\">ENTREGAS<\/h6>\t\t\t\t\t\t\t\t<\/div>\n\t\t\t\t<\/div>\n\t\t\t\t<div class=\"elementor-element elementor-element-1a37a8c elementor-widget elementor-widget-heading\" data-id=\"1a37a8c\" data-element_type=\"widget\" data-widget_type=\"heading.default\">\n\t\t\t\t<div class=\"elementor-widget-container\">\n\t\t\t\t\t<h3 class=\"elementor-heading-title elementor-size-default\"><br>Realizadas<\/h3>\t\t\t\t<\/div>\n\t\t\t\t<\/div>\n\t\t\t\t<\/div>\n\t\t\t\t<\/div>\n\t\t<div class=\"elementor-element elementor-element-db5bf81 e-con-full e-flex parallax_section_no qode_elementor_container_no e-con e-child\" data-id=\"db5bf81\" data-element_type=\"container\">\n\t\t<div class=\"elementor-element elementor-element-aa15eb7 e-con-full e-flex parallax_section_no qode_elementor_container_no e-con e-child\" data-id=\"aa15eb7\" data-element_type=\"container\">\n\t\t\t\t<div class=\"elementor-element elementor-element-0b0f4ef elementor-widget elementor-widget-bridge_pie_chart\" data-id=\"0b0f4ef\" data-element_type=\"widget\" data-widget_type=\"bridge_pie_chart.default\">\n\t\t\t\t<div class=\"elementor-widget-container\">\n\t\t\t\t\t<div class=\"q_pie_chart_holder\"><div class=\"q_percentage\" data-percent=\"97\" data-linewidth=\"4\" data-active=\"#FF5E14\" data-noactive=\"#F2F3F5\" style=\"color:#001659;font-size:60px;font-weight:600;\"><span class=\"tocounter\">97<\/span>%<\/div><div class=\"pie_chart_text\"><\/div><\/div>\t\t\t\t<\/div>\n\t\t\t\t<\/div>\n\t\t\t\t<\/div>\n\t\t<div class=\"elementor-element elementor-element-0def8b5 e-con-full e-flex parallax_section_no qode_elementor_container_no e-con e-child\" data-id=\"0def8b5\" data-element_type=\"container\">\n\t\t\t\t<div class=\"elementor-element elementor-element-b7e69b6 elementor-widget elementor-widget-text-editor\" data-id=\"b7e69b6\" data-element_type=\"widget\" data-widget_type=\"text-editor.default\">\n\t\t\t\t<div class=\"elementor-widget-container\">\n\t\t\t\t\t\t\t\t\t<h6 class=\"mkdf-st-title\">CLIENTES<\/h6>\t\t\t\t\t\t\t\t<\/div>\n\t\t\t\t<\/div>\n\t\t\t\t<div class=\"elementor-element elementor-element-257af93 elementor-widget elementor-widget-heading\" data-id=\"257af93\" data-element_type=\"widget\" data-widget_type=\"heading.default\">\n\t\t\t\t<div class=\"elementor-widget-container\">\n\t\t\t\t\t<h3 class=\"elementor-heading-title elementor-size-default\">Satisfechos<\/h3>\t\t\t\t<\/div>\n\t\t\t\t<\/div>\n\t\t\t\t<\/div>\n\t\t\t\t<\/div>\n\t\t<div class=\"elementor-element elementor-element-5da0a89 e-con-full e-flex parallax_section_no qode_elementor_container_no e-con e-child\" data-id=\"5da0a89\" data-element_type=\"container\">\n\t\t<div class=\"elementor-element elementor-element-eb66710 e-con-full e-flex parallax_section_no qode_elementor_container_no e-con e-child\" data-id=\"eb66710\" data-element_type=\"container\">\n\t\t\t\t<div class=\"elementor-element elementor-element-52c949c elementor-widget elementor-widget-bridge_pie_chart\" data-id=\"52c949c\" data-element_type=\"widget\" data-widget_type=\"bridge_pie_chart.default\">\n\t\t\t\t<div class=\"elementor-widget-container\">\n\t\t\t\t\t<div class=\"q_pie_chart_holder\"><div class=\"q_percentage\" data-percent=\"95\" data-linewidth=\"4\" data-active=\"#FF5E14\" data-noactive=\"#F2F3F5\" style=\"color:#001659;font-size:60px;font-weight:600;\"><span class=\"tocounter\">95<\/span>%<\/div><div class=\"pie_chart_text\"><\/div><\/div>\t\t\t\t<\/div>\n\t\t\t\t<\/div>\n\t\t\t\t<\/div>\n\t\t<div class=\"elementor-element elementor-element-7de8b38 e-con-full e-flex parallax_section_no qode_elementor_container_no e-con e-child\" data-id=\"7de8b38\" data-element_type=\"container\">\n\t\t\t\t<div class=\"elementor-element elementor-element-52c7d4f elementor-widget elementor-widget-text-editor\" data-id=\"52c7d4f\" data-element_type=\"widget\" data-widget_type=\"text-editor.default\">\n\t\t\t\t<div class=\"elementor-widget-container\">\n\t\t\t\t\t\t\t\t\t<h6 class=\"mkdf-st-title\">proyectos<\/h6>\t\t\t\t\t\t\t\t<\/div>\n\t\t\t\t<\/div>\n\t\t\t\t<div class=\"elementor-element elementor-element-4c3518c elementor-widget elementor-widget-heading\" data-id=\"4c3518c\" data-element_type=\"widget\" data-widget_type=\"heading.default\">\n\t\t\t\t<div class=\"elementor-widget-container\">\n\t\t\t\t\t<h3 class=\"elementor-heading-title elementor-size-default\">Completados<\/h3>\t\t\t\t<\/div>\n\t\t\t\t<\/div>\n\t\t\t\t<\/div>\n\t\t\t\t<\/div>\n\t\t\t\t<\/div>\n\t\t\t\t<\/div>\n\t\t","protected":false},"excerpt":{"rendered":"<p>Soluciones personalizadas, eficientes y confiables Servicios PRODUCCI\u00d3N DE CALIDAD Infraestructura \u00f3ptima Contamos con instalaciones adecuadas para cumplir con todas las normas de calidad. CALIDAD EN EL PRODUCTO Precisi\u00f3n en cada proyecto Empacamos el producto siguiendo las especificaciones t\u00e9cnicas proporcionadas por el cliente. TRANSPORTE GARANTIZADO Log\u00edstica&#8230;<\/p>\n","protected":false},"author":1,"featured_media":0,"parent":0,"menu_order":0,"comment_status":"closed","ping_status":"closed","template":"full_width.php","meta":{"footnotes":""},"class_list":["post-7183","page","type-page","status-publish","hentry"],"_links":{"self":[{"href":"https:\/\/prodex.com.ec\/inicio\/index.php?rest_route=\/wp\/v2\/pages\/7183","targetHints":{"allow":["GET"]}}],"collection":[{"href":"https:\/\/prodex.com.ec\/inicio\/index.php?rest_route=\/wp\/v2\/pages"}],"about":[{"href":"https:\/\/prodex.com.ec\/inicio\/index.php?rest_route=\/wp\/v2\/types\/page"}],"author":[{"embeddable":true,"href":"https:\/\/prodex.com.ec\/inicio\/index.php?rest_route=\/wp\/v2\/users\/1"}],"replies":[{"embeddable":true,"href":"https:\/\/prodex.com.ec\/inicio\/index.php?rest_route=%2Fwp%2Fv2%2Fcomments&post=7183"}],"version-history":[{"count":40,"href":"https:\/\/prodex.com.ec\/inicio\/index.php?rest_route=\/wp\/v2\/pages\/7183\/revisions"}],"predecessor-version":[{"id":8783,"href":"https:\/\/prodex.com.ec\/inicio\/index.php?rest_route=\/wp\/v2\/pages\/7183\/revisions\/8783"}],"wp:attachment":[{"href":"https:\/\/prodex.com.ec\/inicio\/index.php?rest_route=%2Fwp%2Fv2%2Fmedia&parent=7183"}],"curies":[{"name":"wp","href":"https:\/\/api.w.org\/{rel}","templated":true}]}}